rime factors of 16183?
16183
What are the prime factors of 9540?
2, 3, 5, 53
What are the prime factors of 15526?
2, 7, 1109
List the prime factors of 32617.
13, 193
What are the prime factors of 164589?
3, 83, 661
List the prime factors of 10473.
3, 3491
What are the prime factors of 951?
3, 317
List the prime factors of 79554.
2, 3, 13259
List the prime factors of 85879.
157, 547
List the prime factors of 13550.
2, 5, 271
List the prime factors of 589.
19, 31
List the prime factors of 166201.
7, 23743
What are the prime factors of 17060?
2, 5, 853
What are the prime factors of 28763?
7, 587
List the prime factors of 9837.
3, 1093
What are the prime factors of 702?
2, 3, 13
What are the prime factors of 60916?
2, 97, 157
What are the prime factors of 3523?
13, 271
What are the prime factors of 3281?
17, 193
What are the prime factors of 1390?
2, 5, 139
List the prime factors of 2221.
2221
What are the prime factors of 246?
2, 3, 41
List the prime factors of 4508.
2, 7, 23
What are the prime factors of 77232?
2, 3, 1609
What are the prime factors of 48659?
13, 19, 197
List the prime factors of 1729.
7, 13, 19
List the prime factors of 8777.
67, 131
List the prime factors of 1278.
2, 3, 71
What are the prime factors of 4739?
7, 677
What are the prime factors of 1199?
11, 109
List the prime factors of 1978.
2, 23, 43
List the prime factors of 106931.
11, 9721
What are the prime factors of 7064?
2, 883
List the prime factors of 7932.
2, 3, 661
List the prime factors of 1563.
3, 521
List the prime factors of 2853.
3, 317
What are the prime factors of 12178?
2, 6089
List the prime factors of 5472.
2, 3, 19
What are the prime factors of 1143?
3, 127
List the prime factors of 18131.
18131
List the prime factors of 542.
2, 271
List the prime factors of 1359.
3, 151
What are the prime factors of 28?
2, 7
List the prime factors of 11157.
3, 3719
List the prime factors of 1381.
1381
What are the prime factors of 1328?
2, 83
What are the prime factors of 779?
19, 41
What are the prime factors of 4677?
3, 1559
List the prime factors of 2081.
2081
List the prime factors of 536.
2, 67
What are the prime factors of 1114?
2, 557
What are the prime factors of 23902?
2, 17, 19, 37
List the prime factors of 31322.
2, 15661
List the prime factors of 25529.
7, 521
What are the prime factors of 2456?
2, 307
List the prime factors of 27599.
11, 13, 193
List the prime factors of 50561.
7, 31, 233
What are the prime factors of 805?
5, 7, 23
List the prime factors of 34699.
7, 4957
What are the prime factors of 60106?
2, 41, 733
List the prime factors of 655.
5, 131
What are the prime factors of 20669?
11, 1879
List the prime factors of 1582.
2, 7, 113
List the prime factors of 9423.
3, 349
What are the prime factors of 3560?
2, 5, 89
What are the prime factors of 10406?
2, 11, 43
What are the prime factors of 20011?
20011
What are the prime factors of 17589?
3, 11, 13, 41
List the prime factors of 523.
523
List the prime factors of 96406.
2, 19, 43, 59
List the prime factors of 17080.
2, 5, 7, 61
List the prime factors of 1864.
2, 233
List the prime factors of 1380.
2, 3, 5, 23
What are the prime factors of 139866?
2, 3, 23311
List the prime factors of 489.
3, 163
List the prime factors of 116536.
2, 7, 2081
List the prime factors of 17895.
3, 5, 1193
What are the prime factors of 2502?
2, 3, 139
What are the prime factors of 64649?
13, 4973
What are the prime factors of 51752?
2, 6469
What are the prime factors of 1139?
17, 67
What are the prime factors of 41072?
2, 17, 151
List the prime factors of 2757.
3, 919
List the prime factors of 2337.
3, 19, 41
What are the prime factors of 4220?
2, 5, 211
List the prime factors of 480.
2, 3, 5
What are the prime factors of 10797?
3, 59, 61
What are the prime factors of 18564?
2, 3, 7, 13, 17
List the prime factors of 68945.
5, 13789
List the prime factors of 1551.
3, 11, 47
What are the prime factors of 61185?
3, 5, 4079
What are the prime factors of 6460?
2, 5, 17, 19
List the prime factors of 9645.
3, 5, 643
List the prime factors of 831.
3, 277
What are the prime factors of 20928?
2, 3, 109
List the prime factors of 23353.
11, 193
What are the prime factors of 1595?
5, 11, 29
List the prime factors of 27018.
2, 3, 19, 79
List the prime factors of 3827.
43, 89
What are the prime factors of 797?
797
List the prime factors of 63952.
2, 7, 571
What are the prime factors of 688?
2, 43
What are the prime factors of 731?
17, 43
What are the prime factors of 25178?
2, 12589
List the prime factors of 55739.
139, 401
List the prime factors of 8233.
8233
List the prime factors of 1722.
2, 3, 7, 41
List the prime factors of 5140.
2, 5, 257
List the prime factors of 24268.
2, 6067
What are the prime factors of 101462?
2, 97, 523
What are the prime factors of 137947?
137947
List the prime factors of 42531.
3, 14177
What are the prime factors of 159?
3, 53
List the prime factors of 3783.
3, 13, 97
List the prime factors of 1628.
2, 11, 37
List the prime factors of 2135.
5, 7, 61
What are the prime factors of 37451?
17, 2203
What are the prime factors of 30559?
30559
What are the prime factors of 6570?
2, 3, 5, 73
What are the prime factors of 2472?
2, 3, 103
List the prime factors of 8443.
8443
What are the prime factors of 2456?
2, 307
What are the prime factors of 1315?
5, 263
What are the prime factors of 1438?
2, 719
What are the prime factors of 7421?
41, 181
List the prime factors of 9098.
2, 4549
What are the prime factors of 2390?
2, 5, 239
What are the prime factors of 304?
2, 19
List the prime factors of 5128.
2, 641
List the prime factors of 33377.
33377
What are the prime factors of 368?
2, 23
What are the prime factors of 9962?
2, 17, 293
What are the prime factors of 19339?
83, 233
List the prime factors of 723.
3, 241
What are the prime factors of 2531?
2531
What are the prime factors of 1407?
3, 7, 67
List the prime factors of 1091.
1091
List the prime factors of 748.
2, 11, 17
What are the prime factors of 46711?
7, 6673
List the prime factors of 2790.
2, 3, 5, 31
List the prime factors of 4789.
4789
What are the prime factors of 9650?
2, 5, 193
What are the prime factors of 3595?
5, 719
List the prime factors of 894.
2, 3, 149
List the prime factors of 11427.
3, 13, 293
List the prime factors of 9722.
2, 4861
What are the prime factors of 306?
2, 3, 17
List the prime factors of 3161.
29, 109
List the prime factors of 47374.
2, 23687
What are the prime factors of 25025?
5, 7, 11, 13
What are the prime factors of 851?
23, 37
What are the prime factors of 24391?
24391
List the prime factors of 62007.
3, 11, 1879
List the prime factors of 1000.
2, 5
List the prime factors of 5727.
3, 23, 83
List the prime factors of 65.
5, 13
List the prime factors of 1461.
3, 487
What are the prime factors of 55528?
2, 11, 631
What are the prime factors of 42727?
42727
What are the prime factors of 821?
821
What are the prime factors of 638?
2, 11, 29
What are the prime factors of 9993?
3, 3331
List the prime factors of 16887.
3, 13, 433
List the prime factors of 14569.
17, 857
What are the prime factors of 369?
3, 41
What are the prime factors of 1575?
3, 5, 7
What are the prime factors of 12936?
2, 3, 7, 11
List the prime factors of 163.
163
What are the prime factors of 10814?
2, 5407
What are the prime factors of 17463?
3, 5821
What are the prime factors of 396?
2, 3, 11
What are the prime factors of 294?
2, 3, 7
List the prime factors of 3192.
2, 3, 7, 19
What are the prime factors of 838?
2, 419
List the prime factors of 623.
7, 89
What are the prime factors of 898?
2, 449
List the prime factors of 29.
29
What are the prime factors of 23653?
7, 31, 109
What are the prime factors of 26454?
2, 3, 4409
What are the prime factors of 132?
2, 3, 11
List the prime factors of 8668.
2, 11, 197
List the prime factors of 4428.
2, 3, 41
List the prime factors of 79253.
41, 1933
List the prime factors of 10666.
2, 5333
What are the prime factors of 220?
2, 5, 11
List the prime factors of 5835.
3, 5, 389
List the prime factors of 46879.
7, 37, 181
What are the prime factors of 1177?
11, 107
What are the prime factors of 256?
2
What are the prime factors of 2823?
3, 941
List the prime factors of 560.
2, 5, 7
What are the prime factors of 2847